*l + 20113. Calculate p(-325).
-37
Let z(a) = 286*a - 5607. Determine z(20).
113
Let l(j) = 539*j - 240411. Determine l(446).
-17
Let q(n) = -5*n**2 - 44325*n + 132992. Calculate q(3).
-28
Let k(s) = s**3 + 44*s**2 - 99*s - 584. What is k(-46)?
-262
Let c(t) = t**3 + 178*t**2 - 270*t - 16302. Determine c(-179).
-13
Let z(g) = 113*g**3 - 682*g**2 + 581*g + 26. What is z(5)?
6
Let r(l) = -3*l**3 - 419*l**2 - 329*l - 7109. What is r(-139)?
-20
Let q(x) = 2091*x + 14434. Give q(-7).
-203
Let p(u) = -2*u**3 + 16*u**2 + 14*u - 259. What is p(12)?
-1243
Let c(f) = 8600*f - 77430. Calculate c(9).
-30
Let s(m) = -3099*m - 49572. Give s(-16).
12
Let o(x) = -x**2 + 45*x + 8298. Give o(-52).
3254
Let b(j) = -2291*j - 31998. Determine b(-14).
76
Let j(x) = -54*x**2 + 1718*x - 3425. Calculate j(2).
-205
Let k(m) = -4*m**3 + 295*m**2 + 402*m - 45340. Determine k(73).
-7
Let a(t) = 17*t**3 - 687*t**2 - 2685*t + 42. Calculate a(44).
-2
Let q(v) = -299*v**3 - 3297*v**2 + 6*v + 30. Determine q(-11).
-1004
Let j(c) = -238*c - 47986. Calculate j(-200).
-386
Let i(k) = -k**2 - 1939*k - 55391. Determine i(-29).
-1
Let r(g) = 78371*g - 3526699. Calculate r(45).
-4
Let k(z) = z**3 - 415*z**2 + 15334*z - 101. What is k(374)?
-101
Let d(p) = -3199*p + 143915. Determine d(45).
-40
Let q(x) = x**3 - 92*x**2 - 10207*x + 303. Give q(157).
-11
Let p(w) = w**3 - 63*w**2 - 143*w + 4966. What is p(64)?
-90
Let p(t) = 18615*t - 56672. Give p(3).
-827
Let g(i) = -980*i - 171732. What is g(-176)?
748
Let x(p) = -4187*p + 25092. Give x(6).
-30
Let n(b) = -3324707*b - 33247066. What is n(-10)?
4
Let w(u) = -2*u**2 + 2031*u - 31990. What is w(16)?
-6
Let u(v) = 6751*v + 60782. Calculate u(-9).
23
Let o(h) = 7*h**3 - 10*h**2 - 91*h + 404. Calculate o(4).
328
Let u(f) = 4372*f**2 - 91812*f - 2. Give u(21).
-2
Let i(t) = 7*t**2 + 742*t + 5186. Calculate i(-7).
335
Let b(s) = -s**3 - 6*s**2 - 248*s - 2055. Give b(-8).
57
Let a(u) = 8*u**3 + 1817*u**2 - 20703*u + 711. Give a(-238).
-3
Let s(x) = -x**2 - 17*x + 711. Determine s(-31).
277
Let c(k) = -5394*k - 91744. What is c(-17)?
-46
Let s(i) = 12500*i - 12561. Determine s(1).
-61
Let q(w) = w**3 - 29*w**2 - 67*w + 1218. Calculate q(6).
-12
Let c(r) = -59342*r + 1424214. Determine c(24).
6
Let g(m) = m**3 + 51*m**2 - 221*m + 3310. Calculate g(-56).
6
Let r(j) = 3*j**3 + 104*j**2 + 50*j + 3065. Give r(-35).
90
Let w(x) = -x**2 + 204*x - 147. Give w(187).
3032
Let o(u) = -774*u - 16912. What is o(-22)?
116
Let z(c) = -3209*c + 96072. Determine z(30).
-198
Let g(p) = 34*p**2 + 2026*p + 1992. Give g(-1).
0
Let m(r) = r**3 - 7*r**2 + 4558*r - 27322. Calculate m(6).
-10
Let q(x) = -12285*x + 13845187. Calculate q(1127).
-8
Let h(n) = 69*n**2 - 3298*n + 38. Determine h(48).
710
Let r(d) = 2*d**3 - 92*d**2 - 145*d + 10569. Give r(45).
-6
Let q(i) = -i**2 - 3453*i - 1268650. Calculate q(-418).
-20
Let j(x) = -12819*x - 126706. Determine j(-10).
1484
Let v(k) = 2*k**3 + 10*k**2 - 49*k - 4. Give v(3).
-7
Let v(l) = 258370*l + 35655067. Determine v(-138).
7
Let x(b) = -20*b**2 + 6732*b - 102603. Give x(16).
-11
Let c(o) = -2*o**3 - 70*o**2 - 128*o + 372. What is c(-33)?
240
Let f(s) = -3779*s - 2389. What is f(1)?
-6168
Let i(v) = -2*v**3 - 4*v**2 + 295*v + 1113. What is i(-4)?
-3
Let u(p) = p**3 + 428*p**2 - 397*p + 13658. Determine u(-429).
-70
Let q(i) = 669*i - 5132. What is q(8)?
220
Let b(x) = x**3 - 27*x**2 + 52*x + 489. Determine b(7).
-127
Let q(b) = b**2 - 4212*b - 97415. Calculate q(-23).
-10
Let v(b) = 96624*b**2 + 2222351*b - 20. Determine v(-23).
3
Let s(o) = -3982*o - 68113. Give s(-17).
-419
Let b(t) = -7*t**3 - 321*t**2 + 27*t - 1506. Give b(-46).
-632
Let u(c) = c**2 + 17*c - 321. Determine u(9).
-87
Let m(f) = 143*f + 25822. Determine m(-181).
-61
Let s(y) = 523*y - 2822. Determine s(5).
-207
Let z(c) = 45*c**2 - 70*c - 519. Determine z(-5).
956
Let v(o) = -12*o**2 + 819*o - 11921. Determine v(46).
361
Let i(f) = f**2 + 108*f + 1567. Determine i(-90).
-53
Let c(n) = 10*n**2 - 18540*n + 294059. Give c(16).
-21
Let a(i) = 2*i**3 - 71*i**2 - 112*i + 32. Calculate a(37).
-5
Let i(d) = -66395*d - 1859047. What is i(-28)?
13
Let u(f) = -87*f - 9958. Give u(-110).
-388
Let x(i) = 2806*i + 52810. Determine x(-19).
-504
Let d(x) = -58162*x**2 + 523456*x + 18. Determine d(9).
0
Let v(s) = -8*s**2 + 113*s - 446. Determine v(4).
-122
Let d(r) = -5*r**2 + 240*r - 3048. What is d(12)?
-888
Let y(w) = 2824*w - 15972. Calculate y(6).
972
Let w(p) = 80297*p - 481840. What is w(6)?
-58
Let r(b) = -4*b**3 + 119*b**2 - 38*b + 800. Determine r(30).
-1240
Let s(j) = 286160*j - 1144723. Give s(4).
-83
Let j(p) = -p**3 + 1515*p**2 + 29082*p + 98183. Determine j(1534).
7
Let x(p) = p**3 - 24*p**2 + 176*p - 489. Give x(6).
-81
Let j(u) = -18950*u - 151597. What is j(-8)?
3
Let h(w) = w**3 + 24*w**2 + 285*w + 5886. Calculate h(-23).
-140
Let o(h) = 2*h**2 + 2259*h - 25075. Calculate o(11).
16
Let p(a) = 5133*a - 5892744. Determine p(1148).
-60
Let x(y) = 674*y + 6796. Determine x(-10).
56
Let d(y) = -10*y**3 - 10*y**2 + 78*y - 20. Calculate d(4).
-508
Let m(q) = -q**3 + 10*q**2 + 649*q - 7573. Calculate m(12).
-73
Let y(h) = 2*h**2 - 518*h + 13335. Give y(28).
399
Let i(j) = -4*j**2 - 74*j + 267. Give i(-26).
-513
Let t(h) = 2*h**3 + 120*h**2 + 645*h - 146. What is t(-54)?
16
Let c(v) = 28*v - 1671. Give c(69).
261
Let m(k) = -480725*k + 11056702. Give m(23).
27
Let f(k) = -2800*k + 69983. Give f(25).
-17
Let i(s) = -4355*s + 2928. Determine i(1).
-1427
Let i(o) = 2*o**2 - 322*o - 2672. Calculate i(169).
32
Let r(t) = 863*t - 4646. Determine r(5).
-331
Let n(k) = 73378*k + 807164. Give n(-11).
6
Let f(n) = 2*n**3 + 11*n**2 + 7*n - 2. What is f(-3)?
22
Let t(r) = 9*r**3 + 162*r**2 - 406*r - 206. Calculate t(-20).
714
Let g(c) = c**3 + 41*c**2 + 111*c - 179. What is g(-38)?
-65
Let x(i) = -7*i**2 + 120*i - 654. Determine x(19).
-901
Let m(a) = 29876*a**2 + 268884*a - 7. Give m(-9).
-7
Let d(k) = -2*k**3 + 20*k**2 - 283*k + 2833. Calculate d(10).
3
Let w(k) = -2655*k - 111557. What is w(-42)?
-47
Let d(v) = -374*v - 6346. Give d(-18).
386
Let m(y) = 122*y**2 - 1590*y + 4300. Determine m(4).
-108
Let f(i) = -i**3 + 40*i**2 + 39*i - 4641. Calculate f(38).
-271
Let z(y) = y**2 + 7617*y + 38065. What is z(-5)?
5
Let m(q) = 2*q**2 + 22880*q - 1518820. Determine m(66).
-28
Let y(n) = n**2 - 1918*n - 9595. Calculate y(-5).
20
Let q(f) = -3*f**3 + 41*f**2 + 100*f - 603. Determine q(15).
-3
Let k(y) = 12229*y + 97784. Calculate k(-8).
-48
Let b(n) = 2*n**3 + 38*n**2 + 180*n + 4. Determine b(-9).
4
Let u(x) = -8693*x + 11. Give u(0).
11
Let x(f) = 1496*f**3 - 8*f**2 - 9*f - 7. Calculate x(-1).
-1502
Let o(v) = -2009*v + 23910. Determine o(12).
-198
Let x(l) = 2835*l + 16948. Give x(-6).
-62
Let u(y) = -1745*y**3 - 68059*y**2 - 156*y + 6. Give u(-39).
6
Let q(m) = -m**3 - 194*m**2 + 384*m - 1243. Determine q(-196).
325
Let k(a) = -a**3 - 330*a**2 + 2714*a - 23. What is k(8)?
57
Let r(k) = 22*k**3 - 6446*k**2 + 5*k - 1546. Calculate r(293).
-81
Let i(r) = -4*r**2 - 729*r - 11781. Calculate i(-18).
45
Let t(a) = -3990*a + 187531. Determine t(47).
1
Let o(a) = a**2 - 986*a + 43441. What is o(47)?
-692
Let h(g) = -g**3 + 42*g**2 + 199*g - 179. What is h(-5)?
1
Let t(k) = 3*k**3 - 532*k**2 + 4539*k + 55. What is t(9)?
1
Let o(t) = -1632*t + 9960. Calculate o(6).
168
Let h(y) = -35*y**2 + 174*y + 854. Give h(8).
6
Let c(l) = -14*l**3 + 9*l**2 + 125*l + 404. Determine c(-4).
944
Let g(h) = 12*h**3 + 1942*h**2 - 325*h - 140. Determine g(-162).
22
Let l(r) = 2774*r - 66615. Calculate l(24).
-39
Let i(h) = -2*h**2 + 1351*h + 93850. Determine i(739).
-3
Let g(f) = -f**2 - 332*f + 8460. Calculate g(24).
-84
Let s(f) = 2*f**3 + 86*f**2 + 10*f + 713. Calculate s(-43).
283
Let p(z) = z**3 - 10*z**2 - 31902*z + 319026. What is p(10)?
6
Let s(n) = -588*n - 38666. What is s(-64)?
-1034
Let b(i) = -i**2 + 1018*i + 4085. Give b(-4).
-3
Let o(y) = 11*y**2 - 316*y + 190. Calculate o(29).
277
Let u(v) = -12*v**2 + 2042*v - 288. Calculate u(170).
52
Let x(a) = a**3 + 45*a**2 + 4*a + 298. What is x(-45)?
118
Let d(v) = 36060*v + 937620. Determine d(-26).
60
Let u(k) = -3*k**2 - 9*k + 1342. Calculate u(-30).
-1088
Let g(h) = 190*h + 22148. Determine g(-123).
-1222
Let o(i) = -23*i - 2925. Giv